Let d(k) be the first derivative of k**2/2 + k - 4. Let t(w) = -4*d(w) - v(w). Give t(-4).
-3
Let f(j) be the second derivative of -j**2 - 1/20*j**5 - 5*j + 0 - 1/3*j**4 - 1/3*j**3. Calculate f(-4).
6
Let k(c) be the first derivative of c**3/3 - 2*c**2 - 6*c + 5. What is k(5)?
-1
Let p(c) = c**3 - 5*c**2 + 2*c. Let h(y) be the third derivative of -y**4/24 + 2*y**3/3 - 5*y**2. Let a be h(0). What is p(a)?
-8
Let d(p) = -2*p + 7. Let z be d(6). Let h(r) be the second derivative of r**3/6 + 5*r**2 + 10*r. What is h(z)?
5
Let o(k) = k**2 + k - 2. Let w = -8 - -10. Suppose -w*h = -26 - 10. Let u be (7 + -1)*(-9)/h. Calculate o(u).
4
Let b(n) = 2*n - 2*n**2 - 34 + 3*n + 32 - n**2. Let l = -1 - -4. Give b(l).
-14
Let r(u) = -u**2 + 7*u - 5. Let c(i) = 2*i - 1. Let h be c(7). Let d = h - 7. Give r(d).
1
Let x(t) be the third derivative of t**6/120 - t**5/10 + t**4/4 - 2*t**3/3 - t**2. Let l = 5 - 1. Suppose -a = -l - 1. Calculate x(a).
1
Let f be 2/1 + 3 + -1. Let d(p) = p**3 - 2*p**2 - 2*p + 2. Let h be d(2). Let w = f + h. Let m(k) = -2*k**3 + k**2 + 2*k. Calculate m(w).
-8
Let u(o) = o**3 + 5*o**2 + 3*o + 1. Let v be (34/(-6))/(3/(-9)). Suppose 0 = 2*z - 3*k + 5, -4*z - 2*k + k - v = 0. Determine u(z).
5
Let k(c) = 5*c - 2. Let p(x) = 5*x - 11. Let w(q) = -11*q + 21. Let d(r) = 11*p(r) + 6*w(r). Let i(f) = -3*d(f) - 7*k(f). What is i(-3)?
5
Let z(s) be the third derivative of s**6/120 + s**5/30 - s**4/8 - s**3/6 + 17*s**2. Suppose 0*g + 4*g = 32. Let x = g - 11. What is z(x)?
-1
Let z(a) be the first derivative of -a**5/20 + a**4/4 + a**3/3 + 2*a + 2. Let q(n) be the first derivative of z(n). Determine q(4).
-8
Let v(y) be the first derivative of -2*y - 1/2*y**2 + 1. Let d = 7 + -5. What is v(d)?
-4
Let h be 6/18 - (-16)/6. Let c(r) = -h - 6*r + 5 + 10*r - 7*r. Let o = -3 + 5. Give c(o).
-4
Let w(n) = -4*n - 3. Let l(d) = -5*d - 4. Suppose -2*m + 11 = -2*o + 1, -5*o - 21 = -3*m. Let f(t) = o*l(t) + 4*w(t). Calculate f(1).
-1
Suppose d - 2 = -0. Let g = 10 - 9. Let a(x) = -2*x**2 + x + 0*x + x**2 + g. Calculate a(d).
-1
Let j(s) be the second derivative of s**4/12 + s**3/2 + s**2 - 9*s. Calculate j(-3).
2
Let n = 9 + -8. Let b(g) = 10*g - 1. Determine b(n).
9
Let h(z) = z**2 - 5*z - 4. Let t = -23 - -38. Suppose 2*q - 3*p = t, 4*q - 20 = 2*p - 2. Determine h(q).
-10
Let r = -6 - -9. Let t(d) = -d. Let p be t(r). Let h(q) = -2*q - 1. Give h(p).
5
Let z(i) = 5*i + 3. Suppose -2*w + 4 = -3*w. What is z(w)?
-17
Let y(t) = -t**2 - 4*t + 3. Suppose 17 + 4 = -3*s. Let v = -16 - s. Let g = -13 - v. Determine y(g).
3
Let w(c) = c**2 - 10*c + 10. Suppose 0 = 76*v - 77*v + 9. Determine w(v).
1
Let i(x) = -6*x**2 + x. Let j = -15 + 16. Calculate i(j).
-5
Let a = -93 + 89. Let x(p) = p**3 + 5*p**2 + 6*p. Determine x(a).
-8
Let s(g) = -g**3 - 5*g**2 + 4*g + 3. Let d be s(-6). Suppose 2*l - 37 = -5*z, -5*l + z = -2*z - d. Let v(q) = -l*q + 4*q + q. Determine v(2).
-2
Let f(i) be the third derivative of -i**5/60 + 7*i**4/24 - 2*i**3/3 + 9*i**2. Determine f(5).
6
Let h(d) = 3 - 4*d + 1 - 5 + 2. Let p(g) be the third derivative of g**4/24 - 2*g**3/3 - g**2. Let b be p(5). Determine h(b).
-3
Let o(d) be the third derivative of 1/3*d**3 + 0 + 2*d**2 - 1/24*d**4 + 0*d. Let b = 3 - 6. What is o(b)?
5
Suppose 5*b - 3*r = 16, 6 = -4*r + r. Let v(p) = b*p + 1 + p + 0*p. Give v(2).
7
Let g(h) = h**3 + 13*h**2 + 13*h + 11. Let b = 196 + -208. What is g(b)?
-1
Let d(l) = l**3 + l - 1. Let v(k) = 3*k**3 + 6*k - 5. Let u(c) = 4*d(c) - v(c). Calculate u(2).
5
Let a(c) = -6*c - 1 + 3 + 8*c + 0*c. What is a(5)?
12
Let f(g) = 4*g**3 - 2 - 3*g**2 - 5*g**3 + 6*g + 6. Suppose -u + 6*u + 20 = 0. What is f(u)?
-4
Suppose -4*n + 20 = 4*i, 5*i - 17 = 4*n - 1. Let u = 0 + i. Let g(w) = -4*w + 3*w + u*w - 4*w. Determine g(-4).
4
Let v(k) = -4*k + 4. Let x(r) = -r + 1. Let f(s) = -v(s) + 3*x(s). Determine f(5).
4
Let i = 9 + -15. Let l(s) be the second derivative of s**4/12 + s**3 + 2*s**2 + s. What is l(i)?
4
Let o(v) be the third derivative of v**2 - 1/120*v**5 + 0 - 1/3*v**3 + 0*v + 1/24*v**4. Let x(l) be the first derivative of o(l). Calculate x(-3).
4
Suppose -7 = -3*s + u + 5, -3*s + 4*u + 21 = 0. Let z(t) be the second derivative of 0 + t + 1/12*t**4 + 0*t**s - 5*t**2. What is z(0)?
-10
Let v(t) = -t**3 - 4*t**2 - 3*t. Let l(i) = 2*i**2 - 2*i - 3. Let a be l(0). What is v(a)?
0
Suppose 2*b + 28 = 4*l, -4 = -2*b - 0. Suppose 4 - 18 = -4*v + 3*j, j = 3*v - l. Let m(y) = -y**3 + 4*y - 3*y**v - 1 + 2*y**2 + 3. Give m(-3).
8
Let w(g) = 22 - 51 + 20 + 2*g. Calculate w(8).
7
Let z(n) = 4*n. Suppose 2*y = -2*w, w + 8 = -2*y + 3*w. Let p = y + 1. Determine z(p).
-4
Suppose -3*f + 4*t + 12 = 0, 2*f - 3*t = 2*t + 8. Suppose 0 = -2*l - 0*l - 10, 0 = -f*n - 2*l - 14. Let z(q) = 7*q + 1. Calculate z(n).
-6
Let r(j) = -j + 1. Suppose 0 = z + 2*z + 21. Let k be -2*(z/2 + 2). Give r(k).
-2
Let i(s) = -1. Let f(o) = -o**2 + 3*o - 2. Let m(x) = f(x) - 3*i(x). Determine m(5).
-9
Let z(d) = -2*d - 4. Let u be (0 + 13/2)*-2. Let f be u/4 - (-5)/20. Calculate z(f).
2
Let l be (-3 + 5 - 3) + 2. Let d(u) = u**3 - u**2 - 1. Let h(m) = 2*m**3 - 5*m**2 - 3*m - 5. Let n(s) = l*h(s) - 3*d(s). What is n(-2)?
4
Let c be 2*(0 + 1/(-2)). Let x = 9 + -7. Let p(d) = d**x + 2*d - 2*d + 0*d**2 + 5*d**3. Calculate p(c).
-4
Let b(m) = 7*m**3 + 7*m - 12. Let a(k) = -4*k**3 - 4*k + 6. Let d(x) = -5*a(x) - 3*b(x). What is d(0)?
6
Suppose 2*a - 8 = -4*d, -2*d + 5*a - 1 = -17. Let n(f) = f + 3*f**d + 3*f**3 - 2*f**3 + 6*f**3 + 2*f**2. Suppose 4*i + 0 + 4 = 0. Give n(i).
-9
Suppose -2*t + 6*t - 8 = 0. Let y(c) = 2 - 1 - c**3 - c**t + 4*c + 2. What is y(-3)?
9
Let i(u) = 2*u**2 - 3*u. Let r be i(2). Suppose 0 = -r*m + 4*m + 8. Let f(z) = z**3 + 4*z**2 + 3. Determine f(m).
3
Let x be 6/(-30) - (-602)/10. Let t(p) = -x*p + 6*p**2 - p**3 - 1 + 61*p + 2. What is t(6)?
7
Let p(n) = -n**3 + 0*n + 0*n**3 + 4*n**2 - 3*n - 8*n**2. Let f be 6/1*(-1)/2. Determine p(f).
0
Let f(o) = 8*o + 8. Let n be f(-1). Let k(s) = s**3 + s**2 + s - 8. Determine k(n).
-8
Let u = 8 + -13. Let q(m) = m + 11. Let s be q(u). Let c(r) = 1 - r**2 - 2*r + s*r + 3. What is c(3)?
7
Let w(c) be the first derivative of -c**2/2 + 2*c + 1. Suppose 0 = -6*d + 19 + 5. Determine w(d).
-2
Let n = -22 - -24. Let d(u) = 3*u - 3. Calculate d(n).
3
Suppose 0*i + 38 = 4*h - 2*i, 5*h - 52 = 4*i. Suppose -y + 5*y - h = 0. Let c(q) = 4 + y*q - 2*q - 5*q**2 + q + q**3. What is c(4)?
-8
Suppose 4*i = -2*r + 2*i, 0 = 5*r - 3*i - 24. Let x(s) = 1. Let a(t) = -t + 7. Let p(n) = -a(n) + 4*x(n). Determine p(r).
0
Let d(o) = -o**2 - 5*o - 3. Suppose 3*v - 2*v + 3 = 0. Let k = -2 + v. What is d(k)?
-3
Suppose 3 = g - 4. Suppose -2*w - 3 = g. Let d(f) = -f - 11. Give d(w).
-6
Let m(z) = -z + 8. Let b(a) = -a + 8. Let p(w) = -5*b(w) + 4*m(w). Calculate p(0).
-8
Let h(d) = 56 - 59 - 3*d - 3*d. Give h(-2).
9
Let o(l) = -l**2 + 6*l. Suppose -9*v + 14 = -7*v. Give o(v).
-7
Suppose -17 + 5 = -3*w. Let r = -7 + w. Let q(v) be the second derivative of -v**3/6 + v. What is q(r)?
3
Suppose p = -3*r + 7, -4*p + 7 + 9 = 0. Let f(s) = -15*s - 1. Calculate f(r).
-16
Let q(r) be the first derivative of r**3/3 + 3*r**2 + 4*r - 3. Suppose 2*u - 26 = 5*l - l, -l = -2*u + 14. What is q(l)?
-4
Let w(c) = c - 5. Let n(s) = s**3 + 6*s**2 - s - 12. Let h be n(-6). Give w(h).
-11
Let p(c) be the first derivative of -3*c**2/2 - 14. What is p(-1)?
3
Let t = -72 - -76. Let l(m) = -m**2 + 2*m + 1. Give l(t).
-7
Let p(j) = j**3 - 9*j**2 + 6*j. Suppose -4*o + 2*s = -s - 32, 0 = -3*o - s + 24. What is p(o)?
-16
Suppose o - l - 12 = 0, 2*l - 3*l = 2*o - 9. Let m(b) = -2*b + 6. Determine m(o).
-8
Suppose -17*z + 5*z + 12 = 0. Let o(b) be the first derivative of -b**4 - b + 1. What is o(z)?
-5
Suppose 3*w = -15 - 3. Let k be (-9)/(-2)*2/3. Let x(i) = 6*i - 2*i**2 + 1 + 1 - 3*i**2 - 10*i**k + 9*i**3. Determine x(w).
2
Suppose 0 = l + l. Let v(j) be the third derivative of 0*j**3 + l + 0*j - 1/24*j**4 - j**2. Determine v(-2).
2
Let w(n) = 4*n**2 + 8*n + 1. Let f(h) = -7*h**2 - 15*h - 2. Let r(a) = 6*f(a) + 11*w(a). Calculate r(2).
3
Let d(x) = x**3 + 5*x**2 - 2*x - 4. Let g be -5*(0 - -1) - 0. What is d(g)?
6
Let q(j) = -j**2 + 4*j + 6. Let l(z) = 2*z + 20. Let g be l(-7). Give q(g).
-6
Let c(w) be the second derivative o